 What is the highest common divisor of t and 5?
1
Let g be 11 - 2*3/6. Suppose -5*f = -25 - 25. What is the greatest common divisor of f and g?
10
Let i = 3 + -5. Let y(g) = -9*g**3 - 2*g**2 - 3*g - 1. Let t be y(i). Calculate the greatest common divisor of 23 and t.
23
Suppose -4*p = 2 - 62. What is the highest common divisor of 165 and p?
15
Let d = 10 + 6. Calculate the greatest common factor of 2 and d.
2
Let k(r) = r**2 - 4*r - 6. Suppose 3*o - 2*g - 14 = o, 4*o - 28 = -3*g. Let x be k(o). Let s = x + -5. What is the highest common divisor of s and 70?
10
Suppose -2*w + 5*k - 2 = 4, -2*k = -w - 1. Let x = -4 + w. Suppose 16 = v - 2*j - 22, 132 = 4*v - x*j. Calculate the highest common factor of 12 and v.
6
Let r = -177 - -309. Suppose 4*o = m - r + 5, -4*m + 3*o + 560 = 0. Calculate the greatest common factor of m and 13.
13
Let l(z) = 5*z**2 - 2*z + 21. Let y be l(-5). Calculate the highest common factor of y and 12.
12
Let b(k) = 3*k**2 - 8*k + 12. Let u be b(8). Calculate the greatest common factor of 20 and u.
20
Suppose -17 - 3 = -5*y. Calculate the greatest common divisor of y and 8.
4
Let j be (-1)/(-3) - 20/(-3). Calculate the highest common factor of j and 21.
7
Let u = 172 + -166. Calculate the greatest common factor of u and 12.
6
Suppose 2*u - 4*u = -2. Let g(r) = 10*r + 1. Let w be g(u). Calculate the greatest common divisor of w and 88.
11
Let a = -89 - -44. Let u be (-15)/(-10) + a/(-2). Calculate the greatest common divisor of u and 12.
12
Let j(x) = -x**3 - x + 2. Let q be j(0). Let b = -15 - -21. Suppose k - b = -0*k. What is the greatest common factor of q and k?
2
Let l(q) = 15*q**2 - q + 1. Let c be (-4)/6 - (-30)/18. Let y be l(c). Calculate the greatest common divisor of 120 and y.
15
Suppose 2*w + 56 = 5*k, 1 = k + 2*w + w. What is the greatest common factor of 30 and k?
10
Let p(o) = o**3 + 5*o**2 + 2*o - 2. Let j be p(-4). Let v be -24*((-3)/j - 0). Calculate the highest common factor of 96 and v.
12
Let n = -40 - -53. What is the highest common divisor of n and 13?
13
Let c be -133*(2 + (-3)/1). Let x be 0/(-1 - 1) - -24. Let v = x + -5. Calculate the greatest common factor of v and c.
19
Let d(u) = -10*u**2 - 1 - 6*u + u**3 + 9*u - 3. Let g = -15 - -25. Let v be d(g). What is the highest common factor of v and 13?
13
Let k = -82 + 157. What is the highest common divisor of 30 and k?
15
Let f(q) = q**3 + 6*q**2 - q - 1. Let l be f(-6). What is the highest common divisor of l and 5?
5
Let j be -2 + 2 + 1*27. Let z(o) be the third derivative of 2*o**5/15 + o**4/12 - o**3/6 + 3*o**2. Let h be z(1). What is the highest common divisor of h and j?
9
Let f = -2 + 8. Suppose 3*p + 759 = f*p. What is the greatest common factor of p and 23?
23
Let s be 22 + ((-4)/(-6) - (-10)/(-15)). What is the greatest common factor of s and 66?
22
Suppose -x = 2*g - 6*g + 16, x - 3*g + 12 = 0. Suppose -2*r = 2*j - 6, x*r = 3*r - 2*j - 29. Calculate the greatest common factor of r and 35.
7
Suppose -15 = -3*t - 0*t. Suppose 3*m - d = 2*m + 19, t*m + 4*d - 122 = 0. Calculate the greatest common divisor of 2 and m.
2
Suppose -2*d - 12 = -6*d. Suppose -u - 4*m = -3*u + 8, -d*u = -2*m - 8. Suppose 36 = u*p + p. What is the highest common factor of p and 12?
12
Suppose -3*s = -155 + 50. What is the highest common divisor of s and 7?
7
Let s be (-12)/(-4) - (-1 + -72). Suppose 5 = 2*x - 5. Suppose -15 = x*c, -3*c - 32 = -w + s. Calculate the highest common factor of w and 9.
9
Let v = 14 + 3. Calculate the highest common factor of v and 68.
17
Let b(p) = -p**3 + 7*p**2 - p - 1. Let v be b(5). What is the greatest common factor of v and 110?
22
Suppose -1 = -3*u + 17. Let l(s) = s**3 - 7*s**2 + 8*s - 8. Let m be l(u). Suppose -1 = 2*j - 9. Calculate the greatest common factor of m and j.
4
Suppose -4*r - c = -3*r - 16, -5*r + 2*c = -59. What is the highest common divisor of 26 and r?
13
Let b(l) = 5*l + 1. Suppose -x + 4 = q, 0*q - q = -3*x + 8. Let n be b(q). Let c be -2*((-27)/n - 1). Calculate the greatest common factor of 44 and c.
11
Suppose 3*j - 5*o - 32 = 0, -3*o = -3*j + 4 + 38. Let g = 34 - j. Suppose -m + 20 + 10 = 0. Calculate the greatest common divisor of m and g.
15
Let d(s) = 7*s**2 + 7*s - 13. Let p(x) = -20*x**2 - 20*x + 38. Let k(z) = -17*d(z) - 6*p(z). Let a be k(-5). What is the highest common divisor of 39 and a?
13
Suppose l = 5*q - 13, 22 = 4*q + 5*l - 0*l. Suppose -v + y + 5 = -6, 5*y = -q*v + 57. Let z = -7 + v. What is the highest common factor of 21 and z?
7
Suppose 2*a + 3640 = 6*a. Suppose -g = 4*g - a. Suppose g = 2*n + 5*z, 4*n - 76 - 240 = 2*z. Calculate the highest common factor of 9 and n.
9
Suppose -2*l - l + q + 20 = 0, 5 = -4*l - 5*q. Let x(r) = -2*r + 7. Let o be x(l). Let v = o + 15. What is the greatest common factor of v and 96?
12
Suppose 0*a + 40 = a. Let f be 3/1*(-20)/(-6). What is the highest common factor of a and f?
10
Let j(i) = i + 3. Let b be j(2). Calculate the greatest common divisor of 5 and b.
5
Let x(p) = p**2 + p. Let t be x(0). Suppose 12 = l - t. What is the highest common divisor of l and 132?
12
Let j be -2 + (21 - (0 - -4)). Let q be 4/(-6) + 1000/j. What is the greatest common factor of 6 and q?
6
Let p(s) = -5*s - 10. Let o be p(-8). Calculate the highest common factor of o and 15.
15
Suppose -2*g - 2 = -34. Suppose -3*s = -3*d + 2*d + 36, -5*d = -2*s - 232. Calculate the highest common factor of g and d.
16
Let y(l) = -l**2 - 4*l - 1. Let h be y(-3). Let i be h*1 + -3 + 3. Calculate the greatest common divisor of i and 18.
2
Let g be (-4)/6 + 100/6. Let p = 236 + -92. Calculate the greatest common divisor of p and g.
16
Let d(t) = 0*t - 4 - 2*t - 15. Let h be d(-13). What is the greatest common factor of 77 and h?
7
Let a be (220/(-77))/((-6)/63*3). Let t(h) = -h**3 - 2*h**2 + 4*h + 3*h**2 + 90 - 3*h. Let m be t(0). What is the greatest common divisor of a and m?
10
Suppose 5*w - 81 = 2*q, 3*q - 4*q - 15 = -w. Calculate the greatest common factor of 51 and w.
17
Suppose 0 = -x - 5*o + 1, -23 = 3*x - 7*x - o. Let d(v) = -v**2 - 32*v - 64. Let k be d(-28). What is the greatest common divisor of k and x?
6
Suppose -t + 41 - 4 = 0. Let g = -22 + t. Suppose -7*o + 3*o = -60. Calculate the greatest common divisor of o and g.
15
Let s = 77 - 12. What is the greatest common divisor of s and 26?
13
Let x(h) = -h**3 - 20*h**2 - 21*h - 28. Let v be x(-19). What is the greatest common divisor of v and 50?
10
Suppose -5*g + 18 = -3*g. Let y(o) = -o**3 + 9*o**2 + 4*o - 1. Let m be y(g). Calculate the greatest common divisor of 14 and m.
7
Let s = 0 + 6. Let r(w) = 3*w - 8. Let q be r(s). Suppose 2*d = -2*d - 5*k + 95, 130 = 4*d - 2*k. What is the greatest common divisor of q and d?
10
Suppose 0 = 2*j - 0*j - 2*l - 102, -5*l = 4*j - 231. Let d = 60 + -24. What is the greatest common divisor of d and j?
18
Let p be 1 + 1 + 3 - 1. Let i = 44 + p. Let o(t) = 7*t - 23. Let x be o(5). What is the greatest common factor of x and i?
12
Let h(s) = -s**3 - 8*s**2 - 8*s - 5. Let m be h(-7). Suppose 0 = 4*c - m*v - 114, c - v = -2*c + 87. Calculate the greatest common divisor of 3 and c.
3
Let u = -32 + 96. Calculate the greatest common divisor of 8 and u.
8
Let q = -76 - -97. Calculate the greatest common divisor of 14 and q.
7
Let y = -70 - -135. Let l be ((-20)/(-30))/(4/78). What is the highest common factor of y and l?
13
Suppose t + 38 = 54. Calculate the highest common factor of t and 8.
8
Let b(x) be the third derivative of 3*x**5/20 - x**4/24 + x**3/6 - 5*x**2. Let s be b(1). What is the highest common factor of 27 and s?
9
Let s = 12 - 5. Suppose 0*v + 3*v = -3. Let w be (28/(-12))/(v/21). What is the highest common divisor of w and s?
7
Let g(n) = n**2 - 21*n - 6. Let i be g(25). What is the greatest common factor of 141 and i?
47
Suppose 0*s - 16 = 4*s + 4*w, -3*w = 12. Suppose s = 5*q - 3*q - 26. Calculate the highest common divisor of q and 104.
13
Suppose 73 + 12 = 5*j. What is the greatest common factor of 170 and j?
17
Let v = -97 - -136. What is the greatest common divisor of v and 351?
39
Let s be ((-28)/3)/2*(0 + -3). Calculate the highest common factor of s and 70.
14
Let d(w) = -12*w + 7. Let f be d(-4). Calculate the greatest common factor of f and 22.
11
Let y(h) = 2*h**2 - 4